(h) = 9*h + 7. Let w(t) = a*f(t) - 8*d(t). Determine w(6).
-13
Let w(i) = i**2 - 2. Let s be w(2). Let y(f) = -f**s - 3 - 4 + 1 + 9*f. Let m = -701640 - -701646. What is y(m)?
12
Let n(j) be the third derivative of 13*j**4/6 - 49*j**3/3 - 44*j**2 + 1. Give n(2).
6
Let r(p) = 2*p**3 - 13*p**2 + p + 12. Let i be r(1). Let y(b) be the second derivative of -15/2*b**i + 0 - 22*b + 1/3*b**3. Calculate y(10).
5
Suppose 4*n = -3*g + 24 - 7, 1 = -g. Suppose 1 = -3*p - 3*q - 8, n*q + 6 = 4*p. Let a = -2 - p. Let m(l) = -7*l**3 + 2*l**2 + 2*l + 1. Calculate m(a).
8
Let z(m) = 82*m**2 + m - 24*m**3 - 82*m**2 - 5 + 21*m**3. Determine z(0).
-5
Suppose 4*f - 36 = f. Let r be ((-4)/f)/((-2)/(-32))*-3. Suppose -4*i + 2*o - r = 0, i + 0*o - 3*o - 6 = 0. Let j(l) = -l. Determine j(i).
6
Let m(h) be the first derivative of -9*h**2/2 - 36*h - 1728. Determine m(-6).
18
Let d(b) = -b**3 - 5*b**2 - 2*b + 2. Let w = 53 + -49. Let s be ((-93)/w)/((99/(-24))/11). Suppose -71 + s = 3*j. Determine d(j).
-10
Let k(i) be the third derivative of 13*i**4/8 + 5*i**3/6 + 47*i**2 + 6. Calculate k(-1).
-34
Suppose -4*z + 1 + 1 = 5*m, 0 = -2*z - 4. Let s(v) = -4*v**2 - v - 4. Let j(d) = -d**2 - 2*d - 1. Let w = 363 - 364. Let f(n) = w*s(n) + 2*j(n). Calculate f(m).
4
Let i(c) = -4*c + 53. Let m(x) = 12*x - 166. Let l(j) = 7*i(j) + 2*m(j). What is l(9)?
3
Let o(n) = n - 22. Suppose -5*g - 2*f - 995 = -1090, 0 = 4*g + f - 73. Determine o(g).
-5
Let u(o) = -5 - o - 3*o**3 - 5*o**2 + 0*o + 2*o**3. Suppose -5*m - 603 + 153 = 85*m. What is u(m)?
0
Suppose 3*u + 6 = -0*u. Let c(g) = 11. Let l(k) = k + 10. Let a(p) = u*l(p) + 3*c(p). Give a(12).
-11
Let w be 21 + 4 + -5 + -3. Suppose 5*y = w + 3, 4*g - 4*y - 48 = 0. Let t(s) = -s**3 + 16*s**2 + s - 16. What is t(g)?
0
Let m(k) = k + 18. Let h be 6 - 90/18 - 4. What is m(h)?
15
Let n be 9 - (6 - 13) - (-2 + 8). Let o(y) = -y**2 + 12*y - 4. What is o(n)?
16
Let a(m) be the first derivative of -m**4/4 - 2*m**3 - 9*m**2/2 - 27*m + 1068. Determine a(-5).
-7
Let t(q) = -6*q**3 - 6*q - 3. Suppose 0 = 19*a + 417 - 379. Determine t(a).
57
Let z(w) = -73*w + 226. Suppose 96*o = -18*o - 60*o + 522. Give z(o).
7
Suppose -b - 2*b + 21 = 0. Let k(n) = -n**2 + n + 37. Let d be k(b). Let m be ((-4)/10)/2*d - -2. Let x(q) = -q + 2. Determine x(m).
-1
Let i(n) = -2*n**2 + 21*n - 8. Suppose 461*s - 22 = 458*s - x, 4*s + 2*x = 32. Determine i(s).
46
Let w(b) = -b**3 + 5*b**2 - 4*b + 7. Let o be 9/(-2 + (-5)/(-10)). Let r be (o/(-231)*11)/(3/42). Determine w(r).
7
Suppose -5*b + 11*m - 12 = 14*m, 3*b - 16 = 4*m. Let t(y) be the second derivative of y**2 - 5/3*y**3 + b - 10*y. Calculate t(2).
-18
Let t(a) be the first derivative of 3*a**2/2 + 6*a + 70. Let j(y) = 3*y - 19. Let p be j(8). Suppose p*o = -0*o - 25. Give t(o).
-9
Let x(q) = -q**2 + 13*q + 7. Suppose -154 = 8*w - 258. Calculate x(w).
7
Let g(t) = -t**2 - 8*t - 16. Suppose 30 = 91*m - 94*m + 3*c, 2*m + 5*c - 15 = 0. Determine g(m).
-1
Let c(i) be the third derivative of -i**6/30 + i**5/15 + i**3/6 + 5387*i**2. Give c(3).
-71
Let a(b) = -3*b**2 - b + 80. Let w(z) = 10*z**2 + 2*z - 282. Let g(l) = -7*a(l) - 2*w(l). Suppose 4*p + 14 = -6. Give g(p).
14
Let h(l) = -l**2 + 11*l + 6. Suppose -5*z - 53 = -5*b - 73, -b + 14 = 2*z. What is h(z)?
36
Suppose -4*g + 22 = 6. Let w(s) be the third derivative of s**5/60 - s**4/4 + 5*s**3/3 + 32112*s**2. Determine w(g).
2
Let b(g) = -13*g - 70. Let l(v) = -v**2 - 43*v - 88. Let d be l(-41). Calculate b(d).
8
Let k(m) = -m**3 + 2*m**2 + 4*m - 2. Suppose -12*y = -90 + 6. Suppose 5*c = b + 15, 2*b + 8 = 5*c - y. Determine k(c).
1
Let i(q) = q. Let m(t) = t**2 - 4*t + 1. Let o be m(5). Let g(y) = 5*y - 1. Let b(j) = o*i(j) - g(j). Let s be 203/(-87) + (-1)/(-3)*1. What is b(s)?
-1
Suppose 12*q = 70 + 50. Let o(k) = 3*k + 10 - 106*k**2 + 107*k**2 - q*k. Calculate o(8).
18
Suppose 0 = -3*z - 27*o + 23*o + 15, -2*z + 4*o = -30. Let w(j) = -j**2 + 29*j - 190. Give w(z).
-10
Let x(c) = 2*c - 6. Let j(f) = -8*f + 26. Let g(a) = 6*j(a) + 26*x(a). Calculate g(-26).
-104
Let o(w) be the third derivative of w**5/60 + w**4 + 58*w**3/3 + 545*w**2. Determine o(-17).
-3
Let a(y) = y**3 - 5*y**2 + 6*y + 1. Let d(b) = b**3 - 11*b**2 + 27*b + 7. Let n be d(4). What is a(n)?
1
Let w(v) be the first derivative of 1/4*v**4 + 7/3*v**3 - 3/2*v**2 - 181 - 11*v. Determine w(-7).
10
Let q = -12 - -16. Let h be (-174)/(-24) + (-1)/q. Let z(i) = 4 - h*i**2 + 0*i**2 + i**2 - 6*i - i**3 + 0*i**3. Calculate z(-5).
9
Let f = 1262 - 1265. Let g(z) = -z**3 - 2*z**2 + 3*z - 2. What is g(f)?
-2
Suppose -f - z = -0*z + 35, 0 = -f - 3*z - 45. Let i = 34 + f. Suppose 0*u + 12 = -i*u. Let g(p) = p**3 + 2*p**2 - 2*p + 3. Determine g(u).
0
Let j = 94 - 88. Suppose 0 = j*f + 4*f + 40. Let u(n) = -n - 3. Let h(c) = 2*c + 7. Let p(q) = -6*h(q) - 13*u(q). Give p(f).
-7
Let i(a) be the third derivative of a**6/120 - a**5/6 + 19*a**4/24 - 4*a**3/3 - 13*a**2 + 118*a. What is i(9)?
82
Let w(z) be the second derivative of -z**4/2 + 928*z - 1. Suppose 0 = -3*q + n - 5*n + 13, -3*q = -2*n + 11. Calculate w(q).
-6
Let g(l) = -13*l + 595. Let a = 12459 - 12413. Give g(a).
-3
Let j(m) = -2*m + 4. Let r be (5 + -11)*(-3)/(-2). Let x be (-98)/(-21) - 3/r. Calculate j(x).
-6
Let p(y) = -29*y - 1. Suppose -43*l + 22*l = 38*l - 59. Determine p(l).
-30
Suppose 5*i - 11 - 14 = 0. Suppose -4*u = -3*g + 17, -3*g + i*u - 3*u + 25 = 0. Let d(f) = -f**3 + 12*f**2 - 11*f - 3. Calculate d(g).
-3
Suppose -i + 0*i = 2*b - 31, -i = 3*b - 46. Let n = -7 + b. Let y(l) = l**3 - 9*l**2 + 7*l - 4. Calculate y(n).
-12
Let z(f) be the third derivative of f**6/240 - f**4/12 + 3*f**3/2 - 46*f**2. Let p(k) be the second derivative of z(k). What is p(-4)?
-12
Let o = -2/92095 - -460481/276285. Let s(b) be the third derivative of -o*b**3 + 52*b**2 + 0 + 1/24*b**4 + 0*b. What is s(6)?
-4
Suppose -26*v - 7 = 149. Let w(o) = -o**2 - o - 4. Let q(h) = 5*h**2 + h + 21. Let u(z) = v*w(z) - q(z). What is u(-4)?
-1
Let n(a) = -32*a**3 - 4*a + 17*a**3 - 7*a**2 + 3*a**2 + 3 + 5*a**2. Give n(1).
-15
Let m(g) = -g**2 + 30*g - 51. Let k(o) = -3*o**3 + 31*o**2 - 57*o + 10. Let r be k(8). Give m(r).
5
Let y be ((-30)/(-4) + -8)*1*-376. Let l = y + -188. Let k(r) = -r**3 + r**2 - r - 13. Determine k(l).
-13
Let j(b) = 9*b**3 - 26*b**2 - b - 5. Let l(t) = 2*t**3 - 8*t**2 - t - 1. Let r(f) = -j(f) + 4*l(f). Calculate r(-4).
-19
Let s = -2743 - -2736. Let g(t) = 16*t + 95. Give g(s).
-17
Let b(i) = 44*i**3 - 83*i**2 + 159*i + 9. Let k(m) = -17*m**3 + 33*m**2 - 63*m - 4. Let q(j) = 5*b(j) + 13*k(j). Determine q(12).
-7
Let k(n) be the third derivative of 0 - 242*n**2 + 0*n + 0*n**3 + 1/24*n**4. Determine k(8).
8
Let v(h) = h + 4. Let k = 0 + -12. Let j = k - -12. Suppose -4*o - 4*o - 56 = j. What is v(o)?
-3
Let b(p) = 4*p**3 - 11. Let y(h) = -5*h**3 - 2*h**2 - h + 15. Let w(u) = 6*b(u) + 5*y(u). Calculate w(-10).
59
Suppose 1211*z + 10 = 1227*z - 118. Let r(a) = -a**3 + 9*a**2 - 7*a - 15. Calculate r(z).
-7
Let a be (0 - (-2)/(-2))/(1/(-48)). Let s be (-2)/13 - a/26. Let i(p) = -p**3 - 3*p**2 - 2*p - 1. Determine i(s).
-1
Let t(h) = -4*h - 1. Let k be (-5)/((-60)/(-8)*(-1)/3). Suppose q + 20 = 5*x, -5 + 24 = 3*x - k*q. Calculate t(x).
-13
Let j(o) be the first derivative of o**3/3 - 7*o**2/2 - 2*o + 6362. Give j(7).
-2
Let x = 46 + -32. Suppose 18*f - 156 = x*f. Let n = f - 38. Let c(y) = 5*y - 1. What is c(n)?
4
Suppose -10 = -3*n + 4*p, -25*n + p - 45 = -29*n. Let c be (-65)/20 + n/40. Let g(w) = w**3 + 2*w**2 - 4*w. What is g(c)?
3
Suppose 5 = -5*d + 4*d. Let p(z) = -7*z**2 + z + 89. Let i(f) = -2*f**2 + 25. Let k(v) = -11*i(v) + 3*p(v). Give k(d).
2
Let r(q) = q**3 - 4*q**2 - 2*q + 4. Let v = -37 - -37. Let u be (1/(-2) + v)*284/(-2). Let z = 75 - u. Determine r(z).
-4
Let b(r) = -10 - 3*r + 4*r - 1 + 0*r. Suppose 4*h - 3*t - 51 = 0, -6*h - 3*t = -7*h + 24. Give b(h).
-2
Let c(g) = -g**2 + 7. Let r = -33 + 33. Let u be c(r). Let a be 1 + u + 0 + -2. Let s(j) = j. Determine s(a).
6
Let d(i) = -13*i - 3. Let t(n) = n + 1. Let q(m) = d(m) + 6*t(m). Let l be 4 - (21/3)/7. Suppose 5*w - 4*w - l = 0. Calculate q(w).
-18
Let y(g) = -1. Let u(a) = 2*a + a - 5*a - 4. Let z be 25/(-23) + -3 + 994/322. Let j(l) = z*u(l) + 2*y(l). Calculate j(-4).
-6
Let v(j) = j**3 - 7*j*